What is the ten thousands digit of 87885?
8
What is the ten thousands digit of 18501299?
0
What is the tens digit of 512625?
2
What is the ten thousands digit of 495172?
9
What is the hundred thousands digit of 3904354?
9
What is the millions digit of 3668284?
3
What is the ten thousands digit of 6129586?
2
What is the hundred thousands digit of 430056?
4
What is the thousands digit of 996209?
6
What is the hundreds digit of 36967?
9
What is the ten thousands digit of 1389407?
8
What is the thousands digit of 625723?
5
What is the ten thousands digit of 574947?
7
What is the units digit of 1206218?
8
What is the ten thousands digit of 295230?
9
What is the tens digit of 20979089?
8
What is the thousands digit of 14086939?
6
What is the ten thousands digit of 1368165?
6
What is the ten thousands digit of 17811868?
1
What is the hundreds digit of 5933411?
4
What is the millions digit of 1089449?
1
What is the hundred thousands digit of 174308?
1
What is the tens digit of 1677394?
9
What is the hundreds digit of 11209414?
4
What is the hundreds digit of 25568796?
7
What is the hundreds digit of 117572?
5
What is the hundreds digit of 661777?
7
What is the hundred thousands digit of 952692?
9
What is the millions digit of 5153355?
5
What is the hundreds digit of 66674?
6
What is the hundreds digit of 319430?
4
What is the hundred thousands digit of 1089329?
0
What is the tens digit of 1531118?
1
What is the ten thousands digit of 1423698?
2
What is the thousands digit of 262651?
2
What is the hundreds digit of 15805350?
3
What is the tens digit of 11473?
7
What is the millions digit of 1435628?
1
What is the tens digit of 18425?
2
What is the units digit of 10181565?
5
What is the hundreds digit of 1483452?
4
What is the ten thousands digit of 100332?
0
What is the hundreds digit of 597834?
8
What is the tens digit of 4968072?
7
What is the hundred thousands digit of 170340?
1
What is the units digit of 29821349?
9
What is the thousands digit of 4692667?
2
What is the units digit of 1473407?
7
What is the thousands digit of 328231?
8
What is the millions digit of 8607257?
8
What is the units digit of 375568?
8
What is the units digit of 1091984?
4
What is the millions digit of 1676444?
1
What is the units digit of 454898?
8
What is the units digit of 1039859?
9
What is the units digit of 51765?
5
What is the millions digit of 3790604?
3
What is the units digit of 8709646?
6
What is the tens digit of 377901?
0
What is the thousands digit of 495435?
5
What is the units digit of 19555589?
9
What is the hundreds digit of 6187887?
8
What is the units digit of 86134?
4
What is the thousands digit of 1679053?
9
What is the thousands digit of 577545?
7
What is the hundreds digit of 855897?
8
What is the ten thousands digit of 2174204?
7
What is the hundreds digit of 16313647?
6
What is the ten thousands digit of 60182?
6
What is the hundreds digit of 2396446?
4
What is the units digit of 509046?
6
What is the millions digit of 3097504?
3
What is the tens digit of 766574?
7
What is the hundreds digit of 104689?
6
What is the hundreds digit of 73372?
3
What is the units digit of 2252722?
2
What is the thousands digit of 8629520?
9
What is the hundred thousands digit of 20731114?
7
What is the hundred thousands digit of 4729374?
7
What is the ten thousands digit of 71111?
7
What is the units digit of 1245581?
1
What is the units digit of 93040?
0
What is the hundreds digit of 135161?
1
What is the hundred thousands digit of 5236568?
2
What is the units digit of 3362872?
2
What is the tens digit of 19535326?
2
What is the tens digit of 317468?
6
What is the tens digit of 726143?
4
What is the thousands digit of 4656810?
6
What is the hundred thousands digit of 8534393?
5
What is the ten millions digit of 10532215?
1
What is the units digit of 624970?
0
What is the hundreds digit of 14881971?
9
What is the ten thousands digit of 948771?
4
What is the tens digit of 154010?
1
What is the millions digit of 2889847?
2
What is the ten thousands digit of 1703023?
0
What is the tens digit of 6700836?
3
What is the thousands digit of 1433879?
3
What is the millions digit of 1951690?
1
What is the millions digit of 1509377?
1
What is the thousands digit of 120682?
0
What is the hundred thousands digit of 391212?
3
What is the tens digit of 872413?
1
What is the units digit of 28313206?
6
What is the hundreds digit of 3339266?
2
What is the hundred thousands digit of 3848582?
8
What is the hundreds digit of 1998264?
2
What is the millions digit of 1811431?
1
What is the tens digit of 309170?
7
What is the tens digit of 1638761?
6
What is the ten thousands digit of 314113?
1
What is the thousands digit of 1088851?
8
What is the tens digit of 241545?
4
What is the tens digit of 6760643?
4
What is the thousands digit of 520717?
0
What is the ten thousands digit of 446502?
4
What is the thousands digit of 97047?
7
What is the hundred thousands digit of 1592320?
5
What is the millions digit of 1308011?
1
What is the hundreds digit of 7680047?
0
What is the ten thousands digit of 8297085?
9
What is the hundred thousands digit of 6486306?
4
What is the hundreds digit of 24049453?
4
What is the tens digit of 429576?
7
What is the hundreds digit of 5014?
0
What is the hundreds digit of 994175?
1
What is the hundreds digit of 60659?
6
What is the thousands digit of 244610?
4
What is the millions digit of 2582416?
2
What is the units digit of 76796?
6
What is the hundred thousands digit of 256104?
2
What is the ten thousands digit of 710867?
1
What is the units digit of 22532513?
3
What is the tens digit of 2910904?
0
What is the millions digit of 2821579?
2
What is the hundreds digit of 1782219?
2
What is the thousands digit of 4380028?
0
What is the hundreds digit of 4097451?
4
What is the thousands digit of 305363?
5
What is the units digit of 96930?
0
What is the hundreds digit of 5895547?
5
What is the ten thousands digit of 1433179?
3
What is the ten millions digit of 28019244?
2
What is the millions digit of 7480496?
7
What is the hundreds digit of 547060?
0
What is the thousands digit of 268695?
8
What is the tens digit of 13901419?
1
What is the millions digit of 2533415?
2
What is the hundred thousands digit of 1101187?
1
What is the ten thousands digit of 3610473?
1
What is the thousands digit of 81126?
1
What is the units digit of 29869?
9
What is the thousands digit of 422511?
2
What is the hundred thousands digit of 929610?
9
What is the hundred thousands digit of 1476550?
4
What is the hundred thousands digit of 404914?
4
What is the hundreds digit of 141611?
6
What is the thousands digit of 171133?
1
What is the thousands digit of 5223930?
3
What is the tens digit of 4668060?
6
What is the hundred thousands digit of 1568750?
5
What is the thousands digit of 10887450?
7
What is the ten thousands digit of 168208?
6
What is the tens digit of 6317975?
7
What is the ten thousands digit of 1506833?
0
What is the units digit of 248702?
2
What is the hundred thousands digit of 1003274?
0
What is the thousands digit of 93968?
3
What is the tens digit of 80905?
0
What is the ten thousands digit of 196088?
9
What is the hundreds digit of 453021?
0
What is the thousands digit of 175396?
5
What is the ten thousands digit of 38116?
3
What is the units digit of 14472022?
2
What is the units digit of 1803293?
3
What is the units digit of 218873?
3
What is the thousands digit of 101930?
1
What is the tens digit of 2055406?
0
What is the units digit of 394909?
9
What is the tens digit of 3045245?
4
What is the ten thousands digit of 2144537?
4
What is the ten thousands digit of 724769?
2
What is the ten thousands digit of 21313078?
1
What is the tens digit of 5116754?
5
What is the hundred thousands digit of 541528?
5
What is the hundred thousands digit of 188044?
1
What is the hundreds digit of 38484?
4
What is the hundreds digit of 267991?
9
What is the tens digit of 17332961?
6
What is the ten thousands digit of 593543?
9
What is the hundred thousands digit of 361920?
3
What is the thousands digit of 79127?
9
What is the ten thousands digit of 12490255?
9
What is the tens digit of 540478?
7
What is the ten millions digit of 14910327?
1
What is the thousands digit of 1418655?